{"id":12189,"date":"2024-06-14T06:59:33","date_gmt":"2024-06-14T06:59:33","guid":{"rendered":"https:\/\/iestrevenque.es\/sitio\/?page_id=12189"},"modified":"2024-06-14T06:59:33","modified_gmt":"2024-06-14T06:59:33","slug":"tab-tecnicas-de-laboratorio","status":"publish","type":"page","link":"https:\/\/iestrevenque.es\/sitio\/tab-tecnicas-de-laboratorio\/","title":{"rendered":"Tab T\u00e9cnicas de Laboratorio"},"content":{"rendered":"<p><span class=\"fontstyle0\">El objetivo esencial de T\u00e9cnicas de Laboratorio es inspirar la curiosidad en el alumnado y hacerle part\u00edcipe del camino realizado por la humanidad. En este viaje, la materia dispone de un espacio de aprendizaje de extraordinaria importancia en la construcci\u00f3n del conocimiento cient\u00edfico y del propio avance de la ciencia. As\u00ed, el trabajo en el laboratorio permitir\u00e1 aprender haciendo ciencia, utilizando materiales, reactivos e instrumentos de medida, y comprobando hip\u00f3tesis, leyes o teor\u00edas cient\u00edficas, para la comprensi\u00f3n de la naturaleza del mundo y su protecci\u00f3n.<\/span><\/p>\n<p><span class=\"fontstyle0\">El proyecto pretende dar continuidad a la iniciaci\u00f3n a la ciencia desarrollada en la etapa de la Educaci\u00f3n Secundaria Obligatoria, en las diferentes \u00e1reas de conocimiento de la ciencia, y profundizar, de la mano de la F\u00edsica y Qu\u00edmica, en la aplicaci\u00f3n de la metodolog\u00eda cient\u00edfica para la comprensi\u00f3n del funcionamiento del universo y en el an\u00e1lisis de las implicaciones y aplicaciones de la ciencia. Adem\u00e1s, por sus caracter\u00edsticas inherentes, esta materia brinda la oportunidad de emplear estrategias de ense\u00f1anza en equipo, tanto en el laboratorio como cuando se realicen proyectos de investigaci\u00f3n, contribuyendo, de esta manera, a los objetivos de etapa. Por ello se propone para el curso <\/span><span class=\"fontstyle2\">1\u00ba de bachillerato, en la modalidad de Ciencias.<\/span><\/p>\n<p><span class=\"fontstyle0\">El desarrollo de la materia proporcionar\u00e1 al alumnado la adquisici\u00f3n de las habilidades para el trabajo en el laboratorio, la mejora de las destrezas cient\u00edficas para construir o ampliar el conocimiento, y las estrategias de elaboraci\u00f3n de proyectos cient\u00edficos, utilizando diferentes medios y soportes, para contribuir as\u00ed a la adquisici\u00f3n y desarrollo de las competencias clave.<\/span><\/p>\n","protected":false},"excerpt":{"rendered":"<p>El objetivo esencial de T\u00e9cnicas de Laboratorio es inspirar la curiosidad en el alumnado y hacerle part\u00edcipe del camino realizado por la humanidad. En este viaje, la materia dispone de un espacio de aprendizaje de extraordinaria importancia en la construcci\u00f3n del conocimiento cient\u00edfico y del propio avance de la ciencia. As\u00ed, el trabajo en el\u2026 <span class=\"read-more\"><a href=\"https:\/\/iestrevenque.es\/sitio\/tab-tecnicas-de-laboratorio\/\">Leer m\u00e1s &raquo;<\/a><\/span><\/p>\n","protected":false},"author":8,"featured_media":0,"parent":0,"menu_order":0,"comment_status":"closed","ping_status":"closed","template":"","meta":{"ngg_post_thumbnail":0,"jetpack_post_was_ever_published":false,"footnotes":""},"categories":[16],"tags":[],"class_list":["post-12189","page","type-page","status-publish","hentry","category-tabs-info-materias-optativas"],"jetpack_sharing_enabled":true,"jetpack_shortlink":"https:\/\/wp.me\/Pa47Ce-3aB","_links":{"self":[{"href":"https:\/\/iestrevenque.es\/sitio\/wp-json\/wp\/v2\/pages\/12189","targetHints":{"allow":["GET"]}}],"collection":[{"href":"https:\/\/iestrevenque.es\/sitio\/wp-json\/wp\/v2\/pages"}],"about":[{"href":"https:\/\/iestrevenque.es\/sitio\/wp-json\/wp\/v2\/types\/page"}],"author":[{"embeddable":true,"href":"https:\/\/iestrevenque.es\/sitio\/wp-json\/wp\/v2\/users\/8"}],"replies":[{"embeddable":true,"href":"https:\/\/iestrevenque.es\/sitio\/wp-json\/wp\/v2\/comments?post=12189"}],"version-history":[{"count":1,"href":"https:\/\/iestrevenque.es\/sitio\/wp-json\/wp\/v2\/pages\/12189\/revisions"}],"predecessor-version":[{"id":12190,"href":"https:\/\/iestrevenque.es\/sitio\/wp-json\/wp\/v2\/pages\/12189\/revisions\/12190"}],"wp:attachment":[{"href":"https:\/\/iestrevenque.es\/sitio\/wp-json\/wp\/v2\/media?parent=12189"}],"wp:term":[{"taxonomy":"category","embeddable":true,"href":"https:\/\/iestrevenque.es\/sitio\/wp-json\/wp\/v2\/categories?post=12189"},{"taxonomy":"post_tag","embeddable":true,"href":"https:\/\/iestrevenque.es\/sitio\/wp-json\/wp\/v2\/tags?post=12189"}],"curies":[{"name":"wp","href":"https:\/\/api.w.org\/{rel}","templated":true}]}}