{"id":2850,"date":"2019-06-18T14:25:47","date_gmt":"2019-06-18T14:25:47","guid":{"rendered":"http:\/\/iestrevenque.es\/sitio\/?page_id=2850"},"modified":"2024-07-01T16:50:06","modified_gmt":"2024-07-01T16:50:06","slug":"matricula","status":"publish","type":"page","link":"https:\/\/iestrevenque.es\/sitio\/matricula\/","title":{"rendered":"Matr\u00edcula"},"content":{"rendered":"<p style=\"text-align: justify;\"><strong>Periodo de matriculaci\u00f3n:<\/strong> <span style=\"color: #ff0000;\"><strong>de 1 al 10 de julio<\/strong><span style=\"color: #000000;\">, a trav\u00e9s de la <strong>Secretar\u00eda Virtual. <\/strong>El e<\/span><\/span>nlace a la Secretar\u00eda Virtual para realizar la matr\u00edcula electr\u00f3nica:<\/p>\n<p style=\"text-align: center;\"><img data-recalc-dims=\"1\" loading=\"lazy\" decoding=\"async\" class=\"size-full wp-image-2848 aligncenter\" src=\"https:\/\/i0.wp.com\/iestrevenque.es\/sitio\/wp-content\/uploads\/2019\/06\/MatriculaElectronica.jpg?resize=250%2C127&#038;ssl=1\" alt=\"\" width=\"250\" height=\"127\"><a href=\"https:\/\/www.juntadeandalucia.es\/educacion\/secretariavirtual\/\" target=\"_blank\" rel=\"noopener noreferrer\">https:\/\/www.juntadeandalucia.es\/educacion\/secretariavirtual\/<\/a><\/p>\n<p style=\"text-align: justify;\">Como ayuda, os mostramos algunos videotutoriales con los pasos a seguir para llevar a cabo el tr\u00e1mite:<\/p>\n<p><iframe loading=\"lazy\"  id=\"_ytid_72287\"  width=\"665\" height=\"374\"  data-origwidth=\"665\" data-origheight=\"374\" src=\"https:\/\/www.youtube.com\/embed\/uJndV1N2-o8?enablejsapi=1&#038;autoplay=0&#038;cc_load_policy=0&#038;cc_lang_pref=&#038;iv_load_policy=1&#038;loop=0&#038;rel=1&#038;fs=1&#038;playsinline=0&#038;autohide=2&#038;theme=dark&#038;color=red&#038;controls=1&#038;disablekb=0&#038;\" class=\"__youtube_prefs__  epyt-is-override  no-lazyload\" title=\"YouTube player\"  allow=\"fullscreen; accelerometer; autoplay; clipboard-write; encrypted-media; gyroscope; picture-in-picture; web-share\" referrerpolicy=\"strict-origin-when-cross-origin\" allowfullscreen data-no-lazy=\"1\" data-skipgform_ajax_framebjll=\"\"><\/iframe><\/p>\n<p><iframe loading=\"lazy\"  id=\"_ytid_32913\"  width=\"665\" height=\"374\"  data-origwidth=\"665\" data-origheight=\"374\" src=\"https:\/\/www.youtube.com\/embed\/Abhxxjyfb2A?enablejsapi=1&#038;autoplay=0&#038;cc_load_policy=0&#038;cc_lang_pref=&#038;iv_load_policy=1&#038;loop=0&#038;rel=1&#038;fs=1&#038;playsinline=0&#038;autohide=2&#038;theme=dark&#038;color=red&#038;controls=1&#038;disablekb=0&#038;\" class=\"__youtube_prefs__  epyt-is-override  no-lazyload\" title=\"YouTube player\"  allow=\"fullscreen; accelerometer; autoplay; clipboard-write; encrypted-media; gyroscope; picture-in-picture; web-share\" referrerpolicy=\"strict-origin-when-cross-origin\" allowfullscreen data-no-lazy=\"1\" data-skipgform_ajax_framebjll=\"\"><\/iframe><\/p>\n<p><iframe loading=\"lazy\"  id=\"_ytid_88139\"  width=\"665\" height=\"374\"  data-origwidth=\"665\" data-origheight=\"374\" src=\"https:\/\/www.youtube.com\/embed\/sNTetqcuvVw?enablejsapi=1&#038;autoplay=0&#038;cc_load_policy=0&#038;cc_lang_pref=&#038;iv_load_policy=1&#038;loop=0&#038;rel=1&#038;fs=1&#038;playsinline=0&#038;autohide=2&#038;theme=dark&#038;color=red&#038;controls=1&#038;disablekb=0&#038;\" class=\"__youtube_prefs__  epyt-is-override  no-lazyload\" title=\"YouTube player\"  allow=\"fullscreen; accelerometer; autoplay; clipboard-write; encrypted-media; gyroscope; picture-in-picture; web-share\" referrerpolicy=\"strict-origin-when-cross-origin\" allowfullscreen data-no-lazy=\"1\" data-skipgform_ajax_framebjll=\"\"><\/iframe><\/p>\n<ul>\n<li><div class=\"osc-res-tab tabbable   osc-tabs-left\"><div style=\"clear:both;width: 100%;\"><ul class=\"nav osc-res-nav nav-pills osc-tabs-left-ul\" id=\"oscitas-restabs-1-matricula-51947\"><li class=\"active\"><a href=\"#ert_pane1-0\" data-toggle=\"tab\">Sobres de matr\u00edcula<\/a><\/li><\/ul><\/div><div style=\"clear:both;width: 100%;\"><ul class=\"tab-content\" id=\"oscitas-restabcontent-1-matricula-51947\"><li class=\"tab-pane active\" id=\"ert_pane1-0\"><strong>Informaci\u00f3n anticipada oferta educativa en sobres de matr\u00edcula:<br \/>\n<a href=\"https:\/\/iestrevenque.es\/sitio\/wp-content\/uploads\/2024\/07\/01_SOBRE-MATRICULA_-1oESO_24.pdf\">&nbsp; &nbsp;1\u00ba ESO<\/a><\/strong><br \/>\n&nbsp; &nbsp;<strong><a href=\"https:\/\/iestrevenque.es\/sitio\/wp-content\/uploads\/2024\/07\/02_SOBRE-MATRICULA_-2oESO_24.pdf\">2\u00ba ESO<\/a><\/strong><\/li>\n<li><a href=\"https:\/\/iestrevenque.es\/sitio\/wp-content\/uploads\/2024\/07\/03_SOBRE-MATRICULA_-3oESO_24.pdf\"><strong>&nbsp; &nbsp;3\u00ba ESO<\/strong><\/a><\/li>\n<li><a href=\"https:\/\/iestrevenque.es\/sitio\/wp-content\/uploads\/2024\/07\/04_SOBRE-MATRICULA_-4oESO_24.pdf\"><strong>&nbsp; &nbsp;4\u00ba ESO<\/strong><\/a><\/li>\n<li><a href=\"https:\/\/iestrevenque.es\/sitio\/wp-content\/uploads\/2024\/07\/05_SOBRE-MATRICULA_-1oBTO_24.pdf\"><strong>&nbsp; 1\u00ba BTO<\/strong><\/a><\/li>\n<li><strong><a href=\"https:\/\/iestrevenque.es\/sitio\/wp-content\/uploads\/2024\/07\/06_SOBRE-MATRICULA_2oBTO_24.pdf\">&nbsp; 2\u00ba BTO<\/a><\/strong><\/li>\n<\/ul>\n<p><\/li><\/ul><\/div><\/div><\/p>\n","protected":false},"excerpt":{"rendered":"<p>Periodo de matriculaci\u00f3n: de 1 al 10 de julio, a trav\u00e9s de la Secretar\u00eda Virtual. El enlace a la Secretar\u00eda Virtual para realizar la matr\u00edcula electr\u00f3nica: https:\/\/www.juntadeandalucia.es\/educacion\/secretariavirtual\/ Como ayuda, os mostramos algunos videotutoriales con los pasos a seguir para llevar a cabo el tr\u00e1mite:<\/p>\n","protected":false},"author":8,"featured_media":0,"parent":0,"menu_order":0,"comment_status":"closed","ping_status":"closed","template":"","meta":{"ngg_post_thumbnail":0,"jetpack_post_was_ever_published":false,"footnotes":""},"categories":[8],"tags":[],"class_list":["post-2850","page","type-page","status-publish","hentry","category-administracion"],"jetpack_sharing_enabled":true,"jetpack_shortlink":"https:\/\/wp.me\/Pa47Ce-JY","_links":{"self":[{"href":"https:\/\/iestrevenque.es\/sitio\/wp-json\/wp\/v2\/pages\/2850","targetHints":{"allow":["GET"]}}],"collection":[{"href":"https:\/\/iestrevenque.es\/sitio\/wp-json\/wp\/v2\/pages"}],"about":[{"href":"https:\/\/iestrevenque.es\/sitio\/wp-json\/wp\/v2\/types\/page"}],"author":[{"embeddable":true,"href":"https:\/\/iestrevenque.es\/sitio\/wp-json\/wp\/v2\/users\/8"}],"replies":[{"embeddable":true,"href":"https:\/\/iestrevenque.es\/sitio\/wp-json\/wp\/v2\/comments?post=2850"}],"version-history":[{"count":50,"href":"https:\/\/iestrevenque.es\/sitio\/wp-json\/wp\/v2\/pages\/2850\/revisions"}],"predecessor-version":[{"id":12427,"href":"https:\/\/iestrevenque.es\/sitio\/wp-json\/wp\/v2\/pages\/2850\/revisions\/12427"}],"wp:attachment":[{"href":"https:\/\/iestrevenque.es\/sitio\/wp-json\/wp\/v2\/media?parent=2850"}],"wp:term":[{"taxonomy":"category","embeddable":true,"href":"https:\/\/iestrevenque.es\/sitio\/wp-json\/wp\/v2\/categories?post=2850"},{"taxonomy":"post_tag","embeddable":true,"href":"https:\/\/iestrevenque.es\/sitio\/wp-json\/wp\/v2\/tags?post=2850"}],"curies":[{"name":"wp","href":"https:\/\/api.w.org\/{rel}","templated":true}]}}