{"id":8810,"date":"2022-10-10T10:14:58","date_gmt":"2022-10-10T10:14:58","guid":{"rendered":"https:\/\/iestrevenque.es\/sitio\/?page_id=8810"},"modified":"2022-10-10T10:14:58","modified_gmt":"2022-10-10T10:14:58","slug":"tab-registro-actas-dpto-seneca","status":"publish","type":"page","link":"https:\/\/iestrevenque.es\/sitio\/tab-registro-actas-dpto-seneca\/","title":{"rendered":"Tab Registro Actas DPTO S\u00e9neca"},"content":{"rendered":"<p>C\u00f3mo enviar y registrar las actas de departamento did\u00e1ctico al repositorio documental de S\u00e9neca:<\/p>\n<p style=\"text-align: center;\"><iframe loading=\"lazy\"  id=\"_ytid_51133\"  width=\"665\" height=\"374\"  data-origwidth=\"665\" data-origheight=\"374\" src=\"https:\/\/www.youtube.com\/embed\/NRFp0MfUHxE?enablejsapi=1&autoplay=0&cc_load_policy=0&cc_lang_pref=&iv_load_policy=1&loop=0&rel=1&fs=1&playsinline=0&autohide=2&theme=dark&color=red&controls=1&disablekb=0&\" class=\"__youtube_prefs__  no-lazyload\" title=\"YouTube player\"  allow=\"fullscreen; accelerometer; autoplay; clipboard-write; encrypted-media; gyroscope; picture-in-picture; web-share\" referrerpolicy=\"strict-origin-when-cross-origin\" allowfullscreen data-no-lazy=\"1\" data-skipgform_ajax_framebjll=\"\"><\/iframe><\/p>\n","protected":false},"excerpt":{"rendered":"<p>C\u00f3mo enviar y registrar las actas de departamento did\u00e1ctico al repositorio documental de S\u00e9neca:<\/p>\n","protected":false},"author":8,"featured_media":0,"parent":0,"menu_order":0,"comment_status":"closed","ping_status":"closed","template":"","meta":{"ngg_post_thumbnail":0,"jetpack_post_was_ever_published":false,"footnotes":""},"categories":[22],"tags":[],"class_list":["post-8810","page","type-page","status-publish","hentry","category-tabs-tutoriales"],"jetpack_sharing_enabled":true,"jetpack_shortlink":"https:\/\/wp.me\/Pa47Ce-2i6","_links":{"self":[{"href":"https:\/\/iestrevenque.es\/sitio\/wp-json\/wp\/v2\/pages\/8810","targetHints":{"allow":["GET"]}}],"collection":[{"href":"https:\/\/iestrevenque.es\/sitio\/wp-json\/wp\/v2\/pages"}],"about":[{"href":"https:\/\/iestrevenque.es\/sitio\/wp-json\/wp\/v2\/types\/page"}],"author":[{"embeddable":true,"href":"https:\/\/iestrevenque.es\/sitio\/wp-json\/wp\/v2\/users\/8"}],"replies":[{"embeddable":true,"href":"https:\/\/iestrevenque.es\/sitio\/wp-json\/wp\/v2\/comments?post=8810"}],"version-history":[{"count":1,"href":"https:\/\/iestrevenque.es\/sitio\/wp-json\/wp\/v2\/pages\/8810\/revisions"}],"predecessor-version":[{"id":8811,"href":"https:\/\/iestrevenque.es\/sitio\/wp-json\/wp\/v2\/pages\/8810\/revisions\/8811"}],"wp:attachment":[{"href":"https:\/\/iestrevenque.es\/sitio\/wp-json\/wp\/v2\/media?parent=8810"}],"wp:term":[{"taxonomy":"category","embeddable":true,"href":"https:\/\/iestrevenque.es\/sitio\/wp-json\/wp\/v2\/categories?post=8810"},{"taxonomy":"post_tag","embeddable":true,"href":"https:\/\/iestrevenque.es\/sitio\/wp-json\/wp\/v2\/tags?post=8810"}],"curies":[{"name":"wp","href":"https:\/\/api.w.org\/{rel}","templated":true}]}}